{"id":902,"date":"2018-06-29T20:34:40","date_gmt":"2018-06-29T23:34:40","guid":{"rendered":"https:\/\/iesse-ers.infd.edu.ar\/sitio\/resoluciones-y-documentos-importantes\/"},"modified":"2019-06-15T14:45:11","modified_gmt":"2019-06-15T17:45:11","slug":"resoluciones-y-documentos-importantes","status":"publish","type":"page","link":"https:\/\/iesse-ers.infd.edu.ar\/sitio\/resoluciones-y-documentos-importantes\/","title":{"rendered":"Resoluciones y Documentos importantes"},"content":{"rendered":"<p><a href=\"https:\/\/iesse-ers.infd.edu.ar\/sitio\/wp-content\/uploads\/2019\/06\/Lineamientos-pedag\u00f3gicos-para-la-presentaci\u00f3n-de-proyectos.pdf\">Lineamientos pedag\u00f3gicos para la presentaci\u00f3n de proyectos\/Coordinaci\u00f3n\u00a0<\/a><\/p>\n<p><a href=\"https:\/\/iesse-ers.infd.edu.ar\/sitio\/wp-content\/uploads\/2019\/06\/steiman-proyectos-de-catedra.pdf\">steiman proyectos de c\u00e1tedras<\/a><\/p>\n<p><span style=\"font-size: 10pt;\"><span style=\"color: #0000ee;\">Resol.N\u00b01888\/<\/span><span style=\"color: #0000ee;\">08 CGE\u00a0<\/span><span style=\"color: #0000ee;\"><a title=\"upload\/resolucion_188807_Ayudante_de_Catedra.pdf\" href=\"upload\/resolucion_188807_Ayudante_de_Catedra.pdf\">Ayudante<\/a>\u00a0<\/span><span style=\"color: #0000ee;\">de C\u00e1tedra. Convocatoria a Inscripci\u00f3n a las Ayudant\u00eda de C\u00e1tedra a partir del 14 de Marzo al 14 de Abril 2019\u00a0<\/span><\/span><\/p>\n<p><span style=\"font-size: 10pt;\"><a title=\"Regimen de licencias\" href=\"upload\/regimendelicencias.pdf\" target=\"_blank\" rel=\"noopener\"><span style=\"color: #0000ee;\">Decreto 5923\/00MGJE R\u00e9gimen Unificado de Licencias<\/span><\/a><\/span><\/p>\n<p><span style=\"color: #0000ee; font-size: 10pt;\"><a title=\"upload\/Resolucion_0327_Enfermeria.doc\" href=\"upload\/Resolucion_0327_Enfermeria.doc\">Resoluci\u00f3n 0327\/09 de Enfermer\u00eda<\/a><\/span><\/p>\n<p><span style=\"color: #0000ee; font-size: 10pt;\"><a title=\"http:\/\/www.entrerios.gov.ar\/CGE\/index.php?option=com_articulosdesecycat&amp;Itemid=267\" href=\"http:\/\/www.entrerios.gov.ar\/CGE\/index.php?option=com_articulosdesecycat&amp;Itemid=267\">Resoluciones de Jurado de Concurso de Nivel Superior<\/a><\/span><\/p>\n<p><span style=\"font-size: 10pt;\"><a title=\"Nuevo Profesora de Educaci\u00f3n F\u00edsica\" href=\"upload\/DC_EDUCACION_FISICA_2010.pdf\" target=\"_blank\" rel=\"noopener\">Resol. 295\/10 CGE NUEVOS DISE\u00d1OS DEL PROFESORADO DE EDUCACI\u00d3N F\u00cdSICA<\/a><\/span><\/p>\n<p><span style=\"font-size: 10pt;\"><a title=\"Resoluci\u00f3n de Profesorado Biolog\u00eda\" href=\"upload\/0761-14_CGE_Dise%F1o_Curricular_Profesorado_de_Educ._Sec._en_Biolog%EDa.pdf\" target=\"_blank\" rel=\"noopener\">Resoluci\u00f3n 761-14 CGE Nuevo Dise\u00f1o del Profesorado de Educaci\u00f3n Secundaria en Biolog\u00eda<\/a><\/span><\/p>\n<p><span style=\"font-size: 10pt;\"><a title=\"Resoluci\u00f3n 0147-15-C.G.E. Rectificaci\u00f3n- Profesorado en Educaci\u00f3n Secundaria en Biolog\u00eda \" href=\"upload\/0147-15_CGE_Rectificacion_Carrera_Prof_Educ_Sec_en_Biologia.docx\" target=\"_blank\" rel=\"noopener\">Resoluci\u00f3n 0147-15-C.G.E. Rectificaci\u00f3n &#8211; Profesorado en Educacion Secundaria en Biologia\u00a0<\/a><\/span><\/p>\n<p><span style=\"font-size: 10pt;\"><a title=\"Resoluci\u00f3n 840\/14 Tecnicatura en An\u00e1lisis y Desarrollo de Software\" href=\"upload\/0840-14_CGE_Plan_de_Estudios_Tecnicatura_Sup._en_An_lisi_s_y_Desarrollo_de_Software_1.pdf\" target=\"_blank\" rel=\"noopener\">Resoluci\u00f3n 840 -14 CGE Tecnicatura en An\u00e1lisis y Desarrollo de Software(Resoluci\u00f3n anterior)<\/a><\/span><\/p>\n<p><span style=\"font-size: 10pt;\"><a title=\"Resoluci\u00f3n 920\/2015 An\u00e1lisis y Dise\u00f1o de Software\" href=\"upload\/0920920-15_CGE_Aprueba_Disen_o_Curricular_Tecnicatura_Sup._en_Analisis_y_Desarrollo_de_Software.pdf\" target=\"_blank\" rel=\"noopener\">Resoluci\u00f3n 920\/15 CGE Tecnicatura en An\u00e1lisis y Desarrollo de Software (Nueva Resoluci\u00f3n )<\/a><\/span><\/p>\n<p><a href=\"https:\/\/iesse-ers.infd.edu.ar\/sitio\/wp-content\/uploads\/2019\/03\/1097-15_CGE_Aprueba_Dise\u00f1o_Curricular_Tecnicatura_Sup._en_Gesti\u00f3n_de_Peque\u00f1as_y_Medianas_Empresas.pdf\">1097-15_CGE_Aprueba_Dise\u00f1o_Curricular_Tecnicatura_Sup._en_Gesti\u00f3n_de_Peque\u00f1as_y_Medianas_Empresas<\/a>\u00a0.<\/p>\n<p><span style=\"font-size: 10pt;\"><a href=\"http:\/\/es.calameo.com\/read\/00105722408e06c2e521e\">Resol. N\u00ba 2300 &#8211; 12 CGE NUEVO REGLAMENTO CONCURSAL<\/a><\/span><\/p>\n<p><a style=\"font-size: 10pt;\" title=\"Resoluci\u00f3n 1066\" href=\"upload\/Resolucion_1066.doc\" target=\"_blank\" rel=\"noopener\">Resoluci\u00f3n\u00a0de Evaluaci\u00f3n en el Nivel Superior\u00a0N\u00b01066\/CGE<\/a><\/p>\n<p><span style=\"font-size: 10pt;\"><a title=\"lineamientos para planes de catedras \" href=\"upload\/LINEAMIENTOS_GENERALES_PARA_presentacion_de_proyectos.doc\" target=\"_blank\" rel=\"noopener\">Lineamientos para la presentaci\u00f3n Planificaciones\u00a0<\/a><\/span><\/p>\n<p><span style=\"font-size: 10pt;\"><a title=\"planilla de homologacion 655 C.G.E\" href=\"upload\/planilla_de_homologacion_655_CGE.docx\" target=\"_blank\" rel=\"noopener\">Solicitud de Homologaci\u00f3n<\/a><\/span><\/p>\n<p><span style=\"font-size: 10pt;\"><a title=\"Planilla de Situaci\u00f3n M\u00e9dica\" href=\"upload\/Nueva_Fichas_Medicas.docx\" target=\"_blank\" rel=\"noopener\">Ficha m\u00e9dica<\/a><\/span><\/p>\n<p><span style=\"font-size: 10pt;\"><a title=\"Constancia de alumno regular\" href=\"upload\/CONSTANCIA_DE_ALUMNO_REGULAR.doc\" target=\"_blank\" rel=\"noopener\">Certificado de Alumno Regular<\/a><\/span><\/p>\n<p><span style=\"font-size: 10pt;\"><a title=\"Actas Volantes\" href=\"upload\/ACTA_VOLANTe.doc\" target=\"_blank\" rel=\"noopener\">Acta Volante<\/a><\/span><\/p>\n<p><span style=\"font-size: 10pt;\"><a title=\"Permiso de Examen Final\" href=\"upload\/PERMISO_EXAMEN_FINAL_IESSE_2012.docx\" target=\"_blank\" rel=\"noopener\">Constancia de Inscripci\u00f3n\u00a0a Mesas de Ex\u00e1menes \u00a0<\/a><\/span><\/p>\n<p><a href=\"https:\/\/iesse-ers.infd.edu.ar\/sitio\/wp-content\/uploads\/2019\/06\/Reglamento-Acuerdo-de-pr\u00e1cticas-2019.pdf\">Reglamento-Acuerdo de pr\u00e1cticas 2019<\/a><\/p>\n<p><span style=\"font-size: 10pt;\"><a title=\"Memoria de c\u00e1tedra \" href=\"upload\/memorias_de_catedra_iesse_2017.docx\" target=\"_blank\" rel=\"noopener\">Memoria de c\u00e1tedra\u00a0<\/a><\/span><\/p>\n<p><a title=\"Memoria de c\u00e1tedra \" href=\"upload\/memorias_de_catedra_iesse_2017.docx\" target=\"_blank\" rel=\"noopener\">\u00a0<\/a><\/p>\n<p>&nbsp;<\/p>\n","protected":false},"excerpt":{"rendered":"<p>Lineamientos pedag\u00f3gicos para la presentaci\u00f3n de proyectos\/Coordinaci\u00f3n\u00a0 steiman proyectos de c\u00e1tedras Resol.N\u00b01888\/08 CGE\u00a0Ayudante\u00a0de C\u00e1tedra. Convocatoria a Inscripci\u00f3n a las Ayudant\u00eda de C\u00e1tedra a partir del 14 de Marzo al 14 de Abril 2019\u00a0 Decreto 5923\/00MGJE R\u00e9gimen Unificado de Licencias Resoluci\u00f3n 0327\/09 de Enfermer\u00eda Resoluciones de Jurado de Concurso de Nivel Superior Resol. 295\/10 CGE NUEVOS &#8230; <a title=\"Resoluciones y Documentos importantes\" class=\"read-more\" href=\"https:\/\/iesse-ers.infd.edu.ar\/sitio\/resoluciones-y-documentos-importantes\/\" aria-label=\"More on Resoluciones y Documentos importantes\">[+]<\/a><\/p>\n","protected":false},"author":115,"featured_media":0,"parent":0,"menu_order":0,"comment_status":"closed","ping_status":"closed","template":"","meta":[],"acf":[],"_links":{"self":[{"href":"https:\/\/iesse-ers.infd.edu.ar\/sitio\/wp-json\/wp\/v2\/pages\/902"}],"collection":[{"href":"https:\/\/iesse-ers.infd.edu.ar\/sitio\/wp-json\/wp\/v2\/pages"}],"about":[{"href":"https:\/\/iesse-ers.infd.edu.ar\/sitio\/wp-json\/wp\/v2\/types\/page"}],"author":[{"embeddable":true,"href":"https:\/\/iesse-ers.infd.edu.ar\/sitio\/wp-json\/wp\/v2\/users\/115"}],"replies":[{"embeddable":true,"href":"https:\/\/iesse-ers.infd.edu.ar\/sitio\/wp-json\/wp\/v2\/comments?post=902"}],"version-history":[{"count":8,"href":"https:\/\/iesse-ers.infd.edu.ar\/sitio\/wp-json\/wp\/v2\/pages\/902\/revisions"}],"predecessor-version":[{"id":1643,"href":"https:\/\/iesse-ers.infd.edu.ar\/sitio\/wp-json\/wp\/v2\/pages\/902\/revisions\/1643"}],"wp:attachment":[{"href":"https:\/\/iesse-ers.infd.edu.ar\/sitio\/wp-json\/wp\/v2\/media?parent=902"}],"curies":[{"name":"wp","href":"https:\/\/api.w.org\/{rel}","templated":true}]}}