{"id":1014,"date":"2018-06-29T20:35:30","date_gmt":"2018-06-29T23:35:30","guid":{"rendered":"https:\/\/iesse-ers.infd.edu.ar\/sitio\/resol-295-10-cge-nuevos-disenos-curriculares-del-profesorado-de-educacion-fisica\/"},"modified":"2018-06-29T20:35:30","modified_gmt":"2018-06-29T23:35:30","slug":"resol-295-10-cge-nuevos-disenos-curriculares-del-profesorado-de-educacion-fisica","status":"publish","type":"page","link":"https:\/\/iesse-ers.infd.edu.ar\/sitio\/resol-295-10-cge-nuevos-disenos-curriculares-del-profesorado-de-educacion-fisica\/","title":{"rendered":"Resol. 295\/10 CGE Nuevos Dise\u00f1os Curriculares del Profesorado de Educaci\u00f3n F\u00edsica"},"content":{"rendered":"<p><span style=\"font-size: 12pt;\"><a title=\"Nuevos Dise&ntilde;os Curriculares Profesorado de Educaci&oacute;n F&iacute;sica\" href=\"upload\/DC_EDUCACION_FISICA_2010.pdf\" target=\"_blank\">Resol. 295\/10 CGE Nuevos Dise&ntilde;os Curriculares del Profesorado de Educaci&oacute;n F&iacute;sica<\/a><\/span><\/p>\n<p><span style=\"font-size: 12pt;\"><a title=\"Dise&ntilde;o Curricular de Educaci&oacute;n F&iacute;sica \" href=\"upload\/0979-17_CGE_Aprueba_Disen_o_Curricular_Profesorado_de_Educacion_Fisica.pdf\" target=\"_blank\">Resoluci&oacute;n 979\/17 C.G.E Implementacion del Nuevo Dise&ntilde;o Curricular del Profesorado de Educaci&oacute;n Fisica&nbsp;<\/a><\/span><\/p><\/p>\n","protected":false},"excerpt":{"rendered":"<p>Resol. 295\/10 CGE Nuevos Dise&ntilde;os Curriculares del Profesorado de Educaci&oacute;n F&iacute;sica Resoluci&oacute;n 979\/17 C.G.E Implementacion del Nuevo Dise&ntilde;o Curricular del Profesorado de Educaci&oacute;n Fisica&nbsp;<\/p>\n","protected":false},"author":115,"featured_media":0,"parent":0,"menu_order":0,"comment_status":"closed","ping_status":"closed","template":"","meta":[],"acf":[],"_links":{"self":[{"href":"https:\/\/iesse-ers.infd.edu.ar\/sitio\/wp-json\/wp\/v2\/pages\/1014"}],"collection":[{"href":"https:\/\/iesse-ers.infd.edu.ar\/sitio\/wp-json\/wp\/v2\/pages"}],"about":[{"href":"https:\/\/iesse-ers.infd.edu.ar\/sitio\/wp-json\/wp\/v2\/types\/page"}],"author":[{"embeddable":true,"href":"https:\/\/iesse-ers.infd.edu.ar\/sitio\/wp-json\/wp\/v2\/users\/115"}],"replies":[{"embeddable":true,"href":"https:\/\/iesse-ers.infd.edu.ar\/sitio\/wp-json\/wp\/v2\/comments?post=1014"}],"version-history":[{"count":0,"href":"https:\/\/iesse-ers.infd.edu.ar\/sitio\/wp-json\/wp\/v2\/pages\/1014\/revisions"}],"wp:attachment":[{"href":"https:\/\/iesse-ers.infd.edu.ar\/sitio\/wp-json\/wp\/v2\/media?parent=1014"}],"curies":[{"name":"wp","href":"https:\/\/api.w.org\/{rel}","templated":true}]}}